{"id":4834,"date":"2022-05-25T11:21:46","date_gmt":"2022-05-25T11:21:46","guid":{"rendered":"http:\/\/www.valeaveiras.pt\/?page_id=4834"},"modified":"2026-08-10T06:59:00","modified_gmt":"2026-08-10T06:59:00","slug":"calendario-escolar_","status":"publish","type":"page","link":"https:\/\/valeaveiras.pt\/?page_id=4834","title":{"rendered":"CALEND\u00c1RIO ESCOLAR 2026\/2027"},"content":{"rendered":"\n<p class=\"wp-block-paragraph\"><strong>1\u00ba Semestre: <\/strong>11 de setembro 2026 22 janeiro 2027<\/p>\n\n\n\n<p class=\"wp-block-paragraph\"><strong>2\u00ba Semestre: <\/strong>28 de janeiro de 2027 a 30 de junho de 2027*<\/p>\n\n\n\n<p class=\"wp-block-paragraph\">*<strong>9.\u00ba Ano\u00a0<\/strong>\u00a0<br>\u00a04 de junho de 2027<br><br>*<strong>5.\u00ba, 6.\u00ba, 7.\u00ba e 8.\u00ba Anos<\/strong><br>11 de junho de 2027<br><br>*<strong>Educa\u00e7\u00e3o Pr\u00e9-Escolar e 1.\u00ba Ciclo\u00a0<\/strong><br>30 de junho de 2027<\/p>\n\n\n\n<div data-wp-interactive=\"core\/file\" class=\"wp-block-file\"><object data-wp-bind--hidden=\"!state.hasPdfPreview\" hidden class=\"wp-block-file__embed\" data=\"https:\/\/valeaveiras.pt\/wp-content\/uploads\/2026\/08\/Calendario-AEVA-26_27-1.pdf\" type=\"application\/pdf\" style=\"width:100%;height:600px\" aria-label=\"Incorpora\u00e7\u00e3o de Calend\u00e1rio AEVA 26_27.\"><\/object><a id=\"wp-block-file--media-059cc44c-34ad-4475-b432-5cb7e4d5b120\" href=\"https:\/\/valeaveiras.pt\/wp-content\/uploads\/2026\/08\/Calendario-AEVA-26_27-1.pdf\">Calend\u00e1rio AEVA 26_27<\/a><a href=\"https:\/\/valeaveiras.pt\/wp-content\/uploads\/2026\/08\/Calendario-AEVA-26_27-1.pdf\" class=\"wp-block-file__button wp-element-button\" download aria-describedby=\"wp-block-file--media-059cc44c-34ad-4475-b432-5cb7e4d5b120\">Descarregar<\/a><\/div>\n\n\n\n<p class=\"wp-block-paragraph\"><\/p>\n","protected":false},"excerpt":{"rendered":"<p>1\u00ba Semestre: 11 de setembro 2026 22 janeiro 2027 2\u00ba Semestre: 28 de janeiro de 2027 a 30 de junho de 2027* *9.\u00ba Ano\u00a0\u00a0\u00a04 de junho de 2027 *5.\u00ba, 6.\u00ba, 7.\u00ba e 8.\u00ba Anos11 de junho de 2027 *Educa\u00e7\u00e3o Pr\u00e9-Escolar &hellip; <a href=\"https:\/\/valeaveiras.pt\/?page_id=4834\">Continuar a ler <span class=\"meta-nav\">&rarr;<\/span><\/a><\/p>\n","protected":false},"author":1,"featured_media":0,"parent":0,"menu_order":0,"comment_status":"closed","ping_status":"closed","template":"","meta":{"footnotes":""},"class_list":["post-4834","page","type-page","status-publish","hentry"],"_links":{"self":[{"href":"https:\/\/valeaveiras.pt\/index.php?rest_route=\/wp\/v2\/pages\/4834","targetHints":{"allow":["GET"]}}],"collection":[{"href":"https:\/\/valeaveiras.pt\/index.php?rest_route=\/wp\/v2\/pages"}],"about":[{"href":"https:\/\/valeaveiras.pt\/index.php?rest_route=\/wp\/v2\/types\/page"}],"author":[{"embeddable":true,"href":"https:\/\/valeaveiras.pt\/index.php?rest_route=\/wp\/v2\/users\/1"}],"replies":[{"embeddable":true,"href":"https:\/\/valeaveiras.pt\/index.php?rest_route=%2Fwp%2Fv2%2Fcomments&post=4834"}],"version-history":[{"count":16,"href":"https:\/\/valeaveiras.pt\/index.php?rest_route=\/wp\/v2\/pages\/4834\/revisions"}],"predecessor-version":[{"id":8366,"href":"https:\/\/valeaveiras.pt\/index.php?rest_route=\/wp\/v2\/pages\/4834\/revisions\/8366"}],"wp:attachment":[{"href":"https:\/\/valeaveiras.pt\/index.php?rest_route=%2Fwp%2Fv2%2Fmedia&parent=4834"}],"curies":[{"name":"wp","href":"https:\/\/api.w.org\/{rel}","templated":true}]}}

CALENDÁRIO ESCOLAR 2026/2027

<p class="wp-block-paragraph"><strong>1º Semestre: </strong>11 de setembro 2026 22 janeiro 2027</p>



<p class="wp-block-paragraph"><strong>2º Semestre: </strong>28 de janeiro de 2027 a 30 de junho de 2027*</p>



<p class="wp-block-paragraph">*<strong>9.º Ano </strong> <br> 4 de junho de 2027<br><br>*<strong>5.º, 6.º, 7.º e 8.º Anos</strong><br>11 de junho de 2027<br><br>*<strong>Educação Pré-Escolar e 1.º Ciclo </strong><br>30 de junho de 2027</p>



<div data-wp-interactive="core/file" class="wp-block-file"><object data-wp-bind--hidden="!state.hasPdfPreview" hidden class="wp-block-file__embed" data="https://valeaveiras.pt/wp-content/uploads/2026/08/Calendario-AEVA-26_27-1.pdf" type="application/pdf" style="width:100%;height:600px" aria-label="Incorporação de Calendário AEVA 26_27."></object><a id="wp-block-file--media-059cc44c-34ad-4475-b432-5cb7e4d5b120" href="https://valeaveiras.pt/wp-content/uploads/2026/08/Calendario-AEVA-26_27-1.pdf">Calendário AEVA 26_27</a><a href="https://valeaveiras.pt/wp-content/uploads/2026/08/Calendario-AEVA-26_27-1.pdf" class="wp-block-file__button wp-element-button" download aria-describedby="wp-block-file--media-059cc44c-34ad-4475-b432-5cb7e4d5b120">Descarregar</a></div>



<p class="wp-block-paragraph"></p>

<p>1º Semestre: 11 de setembro 2026 22 janeiro 2027 2º Semestre: 28 de janeiro de 2027 a 30 de junho de 2027* *9.º Ano   4 de junho de 2027 *5.º, 6.º, 7.º e 8.º Anos11 de junho de 2027 *Educação Pré-Escolar &hellip; <a href="https://valeaveiras.pt/?page_id=4834">Continuar a ler <span class="meta-nav">&rarr;</span></a></p>
