{"id":309,"date":"2015-07-28T16:43:55","date_gmt":"2015-07-28T16:43:55","guid":{"rendered":"http:\/\/www.valeaveiras.pt\/?page_id=309"},"modified":"2026-08-10T06:59:45","modified_gmt":"2026-08-10T06:59:45","slug":"projeto-educativo","status":"publish","type":"page","link":"https:\/\/valeaveiras.pt\/?page_id=309","title":{"rendered":"PROJETO EDUCATIVO"},"content":{"rendered":"\n<p class=\"wp-block-paragraph\">Documento que consagra a orienta\u00e7\u00e3o educativa do agrupamento, elaborado e aprovado pelos seus \u00f3rg\u00e3os de administra\u00e7\u00e3o e gest\u00e3o, no qual se explicitam os princ\u00edpios, os valores, as metas e as estrat\u00e9gias a adotar.<\/p>\n\n\n\n<div class=\"wp-block-file\"><a id=\"wp-block-file--media-2f7f3d0c-f53c-498f-a35e-82bd73ebe3cd\" href=\"https:\/\/valeaveiras.pt\/wp-content\/uploads\/2026\/08\/Projeto-Educativo.pdf\">Projeto Educativo<\/a><\/div>\n\n\n\n<p class=\"wp-block-paragraph\"><\/p>\n","protected":false},"excerpt":{"rendered":"<p>Documento que consagra a orienta\u00e7\u00e3o educativa do agrupamento, elaborado e aprovado pelos seus \u00f3rg\u00e3os de administra\u00e7\u00e3o e gest\u00e3o, no qual se explicitam os princ\u00edpios, os valores, as metas e as estrat\u00e9gias a adotar.<\/p>\n","protected":false},"author":1,"featured_media":0,"parent":0,"menu_order":0,"comment_status":"closed","ping_status":"closed","template":"","meta":{"footnotes":""},"class_list":["post-309","page","type-page","status-publish","hentry"],"_links":{"self":[{"href":"https:\/\/valeaveiras.pt\/index.php?rest_route=\/wp\/v2\/pages\/309","targetHints":{"allow":["GET"]}}],"collection":[{"href":"https:\/\/valeaveiras.pt\/index.php?rest_route=\/wp\/v2\/pages"}],"about":[{"href":"https:\/\/valeaveiras.pt\/index.php?rest_route=\/wp\/v2\/types\/page"}],"author":[{"embeddable":true,"href":"https:\/\/valeaveiras.pt\/index.php?rest_route=\/wp\/v2\/users\/1"}],"replies":[{"embeddable":true,"href":"https:\/\/valeaveiras.pt\/index.php?rest_route=%2Fwp%2Fv2%2Fcomments&post=309"}],"version-history":[{"count":17,"href":"https:\/\/valeaveiras.pt\/index.php?rest_route=\/wp\/v2\/pages\/309\/revisions"}],"predecessor-version":[{"id":8368,"href":"https:\/\/valeaveiras.pt\/index.php?rest_route=\/wp\/v2\/pages\/309\/revisions\/8368"}],"wp:attachment":[{"href":"https:\/\/valeaveiras.pt\/index.php?rest_route=%2Fwp%2Fv2%2Fmedia&parent=309"}],"curies":[{"name":"wp","href":"https:\/\/api.w.org\/{rel}","templated":true}]}}

<p class="wp-block-paragraph">Documento que consagra a orientação educativa do agrupamento, elaborado e aprovado pelos seus órgãos de administração e gestão, no qual se explicitam os princípios, os valores, as metas e as estratégias a adotar.</p>



<div class="wp-block-file"><a id="wp-block-file--media-2f7f3d0c-f53c-498f-a35e-82bd73ebe3cd" href="https://valeaveiras.pt/wp-content/uploads/2026/08/Projeto-Educativo.pdf">Projeto Educativo</a></div>



<p class="wp-block-paragraph"></p>

<p>Documento que consagra a orientação educativa do agrupamento, elaborado e aprovado pelos seus órgãos de administração e gestão, no qual se explicitam os princípios, os valores, as metas e as estratégias a adotar.</p>
